014667 a prime number?
False
Is 19212448393 a prime number?
True
Is 93526871 composite?
False
Is 4710988619 a composite number?
False
Is 6157804249 a composite number?
True
Is 100008291421 prime?
True
Is 254419409 prime?
False
Is 106967224687 composite?
False
Is 220048987 a composite number?
True
Is 24047236177 a prime number?
False
Is 2794002461 composite?
False
Is 604965913 composite?
False
Is 65413531 composite?
True
Is 105578804983 composite?
True
Is 571654163 a prime number?
False
Is 155423587 composite?
True
Is 508735553 a composite number?
True
Is 3365535353 a prime number?
True
Is 220701389 prime?
True
Is 618783643 a composite number?
True
Is 3668615411 prime?
False
Is 167251907 composite?
False
Is 564180121 a prime number?
True
Is 1262717783 composite?
False
Is 1877339951 prime?
True
Is 71807520297 a composite number?
True
Is 13480098961 composite?
True
Is 15407870587 a composite number?
False
Is 19388762317 a composite number?
True
Is 1182061813 prime?
True
Is 162808889 composite?
False
Is 27775337201 a composite number?
False
Is 45509105113 a prime number?
False
Is 1061206577 composite?
True
Is 18806592901 a prime number?
False
Is 703630099 composite?
True
Is 797658767 prime?
True
Is 48852191307 composite?
True
Is 16869623219 composite?
False
Is 1285765391 a prime number?
True
Is 1584397673 composite?
False
Is 915996031 prime?
True
Is 7770617983 a composite number?
False
Is 8669519627 composite?
True
Is 41274669899 a prime number?
True
Is 1765677257 composite?
True
Is 54245484763 composite?
True
Is 1168120091 a composite number?
True
Is 74171666999 prime?
True
Is 275499313 prime?
False
Is 19232609601 composite?
True
Is 250187957 composite?
False
Is 77428805797 a composite number?
True
Is 422637049 prime?
False
Is 176172532969 composite?
False
Is 30048404735 prime?
False
Is 28638956173 a prime number?
True
Is 60191605711 a prime number?
False
Is 447736819 prime?
True
Is 1394982931 composite?
False
Is 14179797759 prime?
False
Is 9500952007 composite?
True
Is 726933047 prime?
True
Is 1496573165 a prime number?
False
Is 13027667993 a composite number?
False
Is 1580945057 a prime number?
True
Is 705312781 prime?
True
Is 384116371 prime?
True
Is 27723533951 a prime number?
True
Is 11473691741 a composite number?
False
Is 45724262203 composite?
True
Is 1022468731 a prime number?
False
Is 68945900201 a composite number?
True
Is 1012706483 a composite number?
False
Is 297333137 composite?
True
Is 267729937 prime?
True
Is 236521627 composite?
True
Is 9418464029 a prime number?
False
Is 201500549 a prime number?
True
Is 33601397 composite?
True
Is 1430315981 composite?
False
Is 3621657437 a composite number?
True
Is 18223708463 composite?
False
Is 247650973 a composite number?
True
Is 28688755421 a composite number?
False
Is 2339954503 prime?
True
Is 17082004271 composite?
False
Is 35259197 a composite number?
False
Is 10196802683 a prime number?
True
Is 77110917557 a prime number?
False
Is 3892923131 a prime number?
True
Is 1355501461 composite?
False
Is 1049548879 a prime number?
False
Is 2916197101 composite?
True
Is 477973219 a prime number?
False
Is 6676136133 a composite number?
True
Is 172850843 a prime number?
False
Is 899975003 a prime number?
True
Is 24504631689 prime?
False
Is 743736443 prime?
False
Is 20503637285 composite?
True
Is 3800449753 a composite number?
False
Is 7081561247 prime?
True
Is 39277604081 a composite number?
True
Is 460218643 prime?
True
Is 1436450973 a composite number?
True
Is 59491986539 a prime number?
False
Is 16511741 composite?
True
Is 1016697439 composite?
True
Is 2539303177 a composite number?
False
Is 8072159141 composite?
False
Is 63704275357 a prime number?
True
Is 8622215111 a composite number?
False
Is 665651969 a composite number?
False
Is 7792438567 composite?
True
Is 1544964107 composite?
True
Is 36185211967 prime?
True
Is 82748209 composite?
True
Is 2644560167 a prime number?
True
Is 76031650235 a composite number?
True
Is 149986763 a composite number?
False
Is 3737917217 a composite number?
False
Is 456860501789 composite?
False
Is 38483381839 a prime number?
False
Is 6534912367 a prime number?
True
Is 13117212587 composite?
True
Is 253056743 a composite number?
True
Is 10200174613 composite?
False
Is 447712487 a prime number?
False
Is 361529095 a prime number?
False
Is 188579447 prime?
False
Is 1184901 a composite number?
True
Is 2922969971 a prime number?
False
Is 3585894783 prime?
False
Is 150465804923 a composite number?
True
Is 73315618346 composite?
True
Is 1229159387 prime?
False
Is 22997477831 a prime number?
True
Is 45190665643 a prime number?
True
Is 12089258927 prime?
False
Is 39212638049 a prime number?
False
Is 78592418 a prime number?
False
Is 1461126347 a composite number?
False
Is 747496349 a composite number?
True
Is 831674981 composite?
False
Is 485130031 composite?
True
Is 173039081 prime?
False
Is 1860625643 prime?
True
Is 996162679 a prime number?
True
Is 6907634363 a composite number?
True
Is 125655667 composite?
True
Is 1472690899 composite?
False
Is 61827861037 a composite number?
False
Is 190428617 composite?
True
Is 1751616773 composite?
True
Is 963469009 a prime number?
True
Is 2728510679 composite?
True
Is 20967155509 a prime number?
False
Is 506997299 a composite number?
True
Is 10608629357 prime?
False
Is 595942363 a composite number?
True
Is 27047003171 a prime number?
False
Is 3502105843 a composite number?
False
Is 228438871 a composite number?
True
Is 1118055581 a composite number?
False
Is 22055222639 prime?
False
Is 368407772939 a composite number?
True
Is 6140604311 composite?
False
Is 463324465 a composite number?
True
Is 17531756147 composite?
False
Is 3255481837 prime?
False
Is 2388536989 prime?
False
Is 21786458095 a prime number?
False
Is 3708697595 prime?
False
Is 19566049171 prime?
True
Is 120388416353 a prime number?
True
Is 8135512153 a composite number?
False
Is 27586719569 composite?
False
Is 40896882113 prime?
False
Is 10096541501 composite?
True
Is 2646252361 prime?
True
Is 1473645007 composite?
False
Is 26885713 prime?
False
Is 94559334469 a composite number?
True
Is 10695484361 composite?
False
Is 140154977 composite?
False
Is 5553548915 a prime number?
False
Is 13864280707 a composite number?
False
Is 70680581 a prime number?
True
Is 1821098129 a prime number?
True
Is 944864137 a prime number?
False
Is 1171339787 a composite number?
True
Is 111084091 composite?
True
Is 2263179601 a prime number?
True
Is 72525853 composite?
False
Is 27308700857 prime?
False
Is 22729004399 composite?
False
Is 7121876491 a composite number?
False
Is 269845418 composite?
True
Is 977874343 a prime number?
False
Is 5593201967 a prime number?
True
Is 49496939183 a composite number?
True
Is 15534838793 prime?
True
Is 5131723763 a composite number?
False
Is 20955355777 composite?
False
Is 133966532143 a composite number?
False
Is 86906537 prime?
True
Is 630565043 prime?
True
Is 1609493737 a composite number?
True
Is 452393099 composite?
False
Is 6049576523 a prime number?
False
Is 555504331 composite?
False
Is 3856325105 a prime number?
False
Is 2688565247 a prime number?
True
Is 49676463379 a prime number?
True
Is 1915958677 prime?
True
Is 2502918247 a composite number?
True
Is 1232968003 a prime number?
True
Is 6299862401 prime?
False
Is 1292388169 composite?
True
Is 65098128385 a composite number?
True
Is 37972874363 a composite number?
True
Is 1123604173 composite?
False
Is 1481336887 prime?
False
Is 583392761 a composite number?
True
Is 970949011 a composite number?
False
Is 5196065501 prime?
False
Is 13130385493 a prime number?
True
Is 24718097233 prime?
False
Is 47985904633 prime?
False
Is 708950747 a composite number?
True
Is 75530363813 a composite number?
False
Is 26199503 a prime number?
False
Is 19484347 a composite number?
False
Is 841699 a prime number?
False
Is 521832301 a composite number?
False
Is 59042962777 prime?
True
Is 722442823 a prime number?
True
Is 71129237777 a composite number?
True
Is 14212707307 prime?
False
Is 8925269251 a prime number?
True
Is 615061066 a composite number?
True
Is 4516200349 a prime number?
False
Is 345822683 prime?
False
Is 1555196579 composite?
True
Is 9026883913 composite?
False
Is 26587579 prime?
False
Is 2751